13. Determine b(x).
1
Let i(v) = v**3 - 18*v**2 + 16*v + 11. Suppose 15*o - 10*o - 29 = -2*t, 4*o = 2*t - 38. What is i(t)?
-6
Let n(r) be the second derivative of r**4/4 + r**3/6 + 72*r. Let j(f) = f**3 - 2*f**2 - 2*f - 2. Let x be j(3). What is n(x)?
4
Let g be 1 - (-23)/(-4) - (-13 + 8). Let x(r) be the first derivative of r + 2*r**2 + g*r**4 - 14 + 2*r**3. What is x(-3)?
16
Let g(j) = -2*j**2 - j + 14. Suppose 5*q + 8*n + 5 = 3*n, -n + 3 = 0. Calculate g(q).
-14
Let s(m) = -15*m**3 + 7*m**2 - 16*m - 13. Let x(a) = 5*a**3 - 2*a**2 + 5*a + 4. Let d(q) = 2*s(q) + 7*x(q). Give d(-2).
-44
Let y be -11 + (-5 + 53)/6. Let n(r) = -r**2 - 3*r + 3. What is n(y)?
3
Suppose 4*u - 2*r - 14 - 8 = 0, 5*r = -3*u + 36. Let w(j) = -u*j + 22 - 9 - 4 - 10. Let k be (1 - (-2)/(-4))*-2. Give w(k).
6
Let o = 59 + -27. Let b be 2 + (-2 - (-8 + 5)). Let c(q) = -7*q**2 + 2 + q**b - o*q + 32*q. What is c(7)?
2
Let i(s) = -s**2 - 8*s - 8. Let a be i(-6). Let o = -18 + 18. Let w(t) = -t**2 + o + 959*t - 955*t + 2. Give w(a).
2
Let a(x) = -x**2 + 6*x + 4. Let o(s) = s**3 + 15*s**2 + 16*s + 34. Let l be o(-14). Calculate a(l).
4
Let a(c) = 6*c - 9. Suppose -8 = -119*q + 115*q. Give a(q).
3
Suppose -k + 5 = 5*w, k = w + 1 + 4. Let r(x) = -16 - 5*x + 8 + k + 3*x**2 - 7*x**2 + x**3. Determine r(5).
-3
Let d(z) be the second derivative of -2*z**2 + 1/6*z**3 + 0 - 21*z + 5/12*z**4 - 1/20*z**5. Determine d(5).
1
Let p(w) = -w**2 - 14*w + 20. Let a be p(-15). Suppose -a*k + 62 = 12. Let v(x) = x**2 - 10*x + 7. What is v(k)?
7
Let z(a) = -9*a**3 + a**2 - 7*a + 46. Let s(i) = 7*i**3 - i**2 + 5*i - 45. Let x(j) = -4*s(j) - 3*z(j). Determine x(0).
42
Let j(m) = -28*m + 5. Let b be (0 - -1)/1*5. Let x(o) = 19*o - 3. Let s(t) = b*j(t) + 8*x(t). What is s(-1)?
-11
Let f(j) = 22*j**2 + 16*j - 87. Let r(d) = 5*d**2 + 4*d - 21. Let z(x) = -2*f(x) + 9*r(x). Calculate z(-6).
-3
Suppose 0 = 7*r - 14*r + 70. Suppose 8*h - r*h + 10 = 0. Let t(q) = q**3 - 5*q**2 + 3*q - 7. Determine t(h).
8
Let r(m) be the first derivative of m**7/840 - m**6/90 - m**5/30 - 5*m**4/24 - 6*m**3 - 34. Let i(n) be the third derivative of r(n). Give i(5).
0
Let i = 31 + -30. Let w(f) = -4*f + 0*f**2 - 1 + i - 4 + f**2. Suppose -3*a = a - 20. Give w(a).
1
Let h = 47 - 40. Let s(t) = -11*t + h*t - 1 - 14*t**2 + 8*t**2 - t**3. Calculate s(-4).
-17
Let b(l) be the third derivative of -l**5/30 + l**4/2 + 2*l**3/3 + l**2 + 45*l. Give b(6).
4
Let d(c) = -c**3 + 3*c**2 - c + 3. Let m = -20 + 16. Let k be m/(-6) + 14/6. Determine d(k).
0
Suppose 0 = -6*p - 29 + 47. Let z(y) be the third derivative of -y**6/120 + y**5/60 + y**4/24 + y**3/3 + y**2. Calculate z(p).
-13
Suppose -39*j + 32 = -23*j. Let a(u) = 6*u**3 - u**2 - u - 1. What is a(j)?
41
Suppose 9 = -4*y + m, -5*y - 3*m - 9 = -2*m. Let c = 111 - 26. Let t(v) = v**3 - 2*v**2 + 83 - c - v + 4*v**2 - v**2. What is t(y)?
-4
Let v(o) be the third derivative of 7*o**4/24 + 5*o**3/6 - 251*o**2. Determine v(-1).
-2
Let c(b) = b**2 - 2*b - 3. Suppose 2*x + 0*j + 4*j = -8, -3*x = 3*j. Let r be 5/10*2*x. Suppose 0 = 2*i - r - 4. Calculate c(i).
5
Let q(i) be the second derivative of 1/6*i**3 + 0 - i - 5/12*i**4 - 1/20*i**5 - 2*i**2. Suppose -3*d - 99 = -84. Give q(d).
-9
Let p be ((-2)/(-40)*-5)/((-1)/8). Let h(l) = -18*l + 2. Give h(p).
-34
Suppose -u - 2*u = -6. Suppose -4*h + 62 = -6*h + u*p, 4*h + 115 = -5*p. Let m be (1/(-3))/(5/h). Let o(w) = 2*w - 3. Give o(m).
1
Let m(s) = -s**3 - 6*s**2 + s + 3. Let l(q) = -q**2 + 5*q + 4. Let f(w) = 4*w**2 - 19*w - 17. Let u(j) = 2*f(j) + 9*l(j). Let g be u(8). Give m(g).
-3
Let h(u) be the second derivative of 1/12*u**4 + 0 - 1/3*u**3 - 5*u - 5/2*u**2. Suppose -3*g - 16 = -7*g. What is h(g)?
3
Let k be 15/4 - 1/(-4). Let m be (1/(-2))/((-1)/k). Let h(f) = 1300 + 2*f - 1299 - 8*f - 5*f + 3*f. Determine h(m).
-15
Let n(a) = -6*a - 59. Let k be n(-10). Let h(s) = -4*s**3 - 2*s**2 + 1. Calculate h(k).
-5
Let n(g) = g**3 - g**2 - 5*g + 4. Let a(l) = -l**2 - 12*l - 32. Let b be (-12)/(-30) - 37/5. Let i be a(b). Determine n(i).
7
Let u(w) = -w + 1. Let a be (54 + 1)/(-11) - (-12 - 1). Determine u(a).
-7
Let v = -27 + 31. Let s(r) = v - 185*r - 2 + 186*r. What is s(5)?
7
Let d(i) be the third derivative of -i**5/60 - i**4/24 + i**3/6 + 2*i**2. Let b be d(1). Let l be b*3 - (7 - 5). Let w(a) = -a**2 - 3*a + 3. What is w(l)?
-7
Let g(b) = -2*b - 6. Suppose -4*l - 16 = 0, 2*a + 4*l = -3*a - 31. What is g(a)?
0
Let h(w) be the third derivative of -w**6/120 + 3*w**5/20 - w**4/3 - 7*w**3/3 - 306*w**2 - 2. Determine h(8).
-14
Let l = 159 + -24. Let z be l/(-18)*2/(-3). Let c(n) = -n + 1. Determine c(z).
-4
Let w(a) = 4 + 4*a - 3 - 4. Let g be (-6 - -5)/(1/11). Let y be (1/9*3)/(g/(-99)). Give w(y).
9
Let c(w) be the third derivative of -4/3*w**3 - 1/24*w**4 + 0 + 8*w**2 + 0*w - 1/360*w**6 + 1/24*w**5. Let l(m) be the first derivative of c(m). Give l(6).
-7
Let f(k) = -k**2 + 9*k - 7. Suppose 67 = 2*w - 3. Suppose -5*t + w = -0*t. Calculate f(t).
7
Let q be (2/6)/(1/9). Let r = q + -2. Let m(l) = -5*l**2 + 5*l + 5. Let s(d) = -6*d**2 + 6*d + 6. Let u(j) = 5*m(j) - 4*s(j). Give u(r).
1
Let p = 109 - 101. Let h(j) be the third derivative of j**5/60 - 7*j**4/24 - 5*j**3/3 + j**2. Determine h(p).
-2
Let d(y) = -56*y**2 - 1. Suppose -2*v = 3*v + 5. What is d(v)?
-57
Let r(t) be the third derivative of t**9/60480 - t**8/6720 - t**7/2520 - t**6/180 - t**5/60 + 7*t**2. Let u(m) be the third derivative of r(m). What is u(4)?
4
Suppose 0 = -0*y + 2*y - 22. Let u = y + -7. Suppose 2*a + 3*i = -3, 4*i + 0*i = -u*a - 12. Let w(q) = -q**2 - 6*q - 7. Calculate w(a).
-7
Let x(n) be the second derivative of -n**3/3 - n**2 - 5*n. Let p(t) = t**3 - 4*t + 3. Let w be p(-4). Let b be (6/(-5))/((-18)/w). What is x(b)?
4
Let q(z) be the first derivative of z - 1/2*z**2 - 4/3*z**3 - 20. Suppose 3 = u + 2*u. What is q(u)?
-4
Let w(n) be the second derivative of -n**4/24 - n**3/6 + 2*n**2 + 5*n. Let d(s) be the first derivative of w(s). Give d(-6).
5
Let z(s) = 0*s**2 - 190*s + s**2 + 194*s + 3. What is z(-2)?
-1
Let l(s) = s**3 - 59*s**2 - 19*s - 4. Let g(b) = -9*b**2 - 2*b. Let t(m) = -6*g(m) + l(m). Suppose 0 = 5*x - 4*h - 46, 2*h = 2*x + 5*h. Give t(x).
-10
Let h(t) = -11*t**3 + 20*t**2 - 6*t - 13. Let v(b) = -7*b**3 + 13*b**2 - 4*b - 8. Let w(l) = -5*h(l) + 8*v(l). Calculate w(2).
5
Let s(y) = y + 9. Let x be s(0). Suppose -4*g + x*g + 4*m + 15 = 0, -g - 3*m - 3 = 0. Let c(u) be the first derivative of -u**3/3 + u**2 + 2*u - 30. Give c(g).
-13
Let m(p) be the second derivative of -p**8/6720 - p**7/2520 - p**6/720 + p**5/30 - 3*p**4/4 - 14*p. Let b(o) be the third derivative of m(o). Calculate b(0).
4
Let b be 8/6*(-24)/(-16). Let p be (-6)/6*(-2 + b). Let j(t) = t + 2*t - 2 + p*t - 5*t. What is j(-2)?
2
Let f(p) = 5*p**2 - 13*p + 4. Let s(v) = 11*v**2 - 27*v + 8. Suppose 0*k = 3*k - 12. Let y(n) = k*s(n) - 9*f(n). Determine y(9).
-4
Let h(d) = 3*d + 13. Let r(a) = -14*a - 56. Let i(p) = 9*h(p) + 2*r(p). Determine i(13).
-8
Let n(j) be the second derivative of j**5/20 - j**4/2 - j**3/3 + j**2 - 9*j - 2. Give n(6).
-10
Let z(s) = -s**2 + 8*s - 13. Let m be z(5). Let k(o) = -o**m - 2785 + 2785. Calculate k(2).
-4
Let z(j) = -31*j**3 - 2*j**2 - 23*j + 17. Let k(c) = 11*c**3 + c**2 + 8*c - 6. Let y(u) = -17*k(u) - 6*z(u). Determine y(-5).
-10
Let c(g) be the first derivative of -g**4/4 + g**2 + 13*g + 3. Let b(t) be the second derivative of c(t). Determine b(1).
-6
Let n(l) = l**2 - 2*l + 2. Let g be n(2). Let b(v) = -v - 3*v - g + 2*v + 0*v. Let u be (9/(36/(-32)))/(-8 + 6). What is b(u)?
-10
Let q(x) = -x**3 - 8*x**2 - 2*x - 1. Suppose -3*a + 5*h + 11 = 15, 0 = 4*h + 16. Give q(a).
15
Let q(a) = 2634 - 12*a - 2646 - a**2 + 5*a. Calculate q(-9).
-30
Let c(b) = -8*b - 475374 + 475374. Determine c(2).
-16
Let a(y) = -y**2 + 5*y - 10. Let l be a(4). Let r(n) = -n + 2. Calculate r(l).
8
Let s(o) = 2*o**2 - 3*o. Let q(z) = -2*z - 13. Let d = 13 - 27. Let w = d + 6. Let x be q(w). What is s(x)?
9
Let o be 42/(-16) + 19/((-1216)/24). Let s(k) = 4*k + 2. Give s(o).
-10
Let n(w) be the first derivative of w**3/3 + 3*w**2 + 6*w - 1. Suppose -3 = -5*m - 28. Calculate n(m).
1
Let a(u) be the third derivative of -u**6/120 - u**5/10 - u**4/24 - 116*u**2. Determine a(-6).
6
Let k(f) 